 Let t be g(2). Suppose -69 = -t*s + 5*z + 21, 3*s - 4*z = 68. What are the prime factors of s?
2, 5
Let i = 5 + 0. Let a(f) = 1 - 4*f**3 - 2*f + i*f**3 + 6*f + 6*f**2. List the prime factors of a(-5).
2, 3
Suppose 0 = 3*z - 8*z + 2*t + 626, -2*t + 256 = 2*z. List the prime factors of z.
2, 3, 7
Suppose 282 + 30 = 3*h. List the prime factors of h.
2, 13
Let p(o) = 10*o - 56. List the prime factors of p(19).
2, 67
Let d be ((-2)/(-6))/(2/114). Let f = d + -13. List the prime factors of f.
2, 3
Suppose 0 = -l + 3*p + 9, -5*l - 3*p - 31 = -4. Let g be 2/((l/42)/1). What are the prime factors of 6/((-2)/g*4)?
3, 7
Let q(p) = -5*p**3 + p. Let r be q(1). Let o be r/6*-3 + -1. List the prime factors of (-15)/5*(0 - o).
3
Let d = -4 + 4. Suppose 2*v - 6*v + 68 = d. List the prime factors of v.
17
Suppose -2*m = -3*m + 65. Suppose -4*r + m = r. What are the prime factors of r?
13
Let j = -5 + -7. What are the prime factors of 4/j - (-25)/3?
2
Suppose -5*i = -6*i + 20. Suppose -4*o - o = -i. What are the prime factors of o?
2
Suppose -z - v - 4*v + 14 = 0, 4*z = -3*v - 12. List the prime factors of (-2 - -1)*(z - -1).
5
Suppose 6*h - 36 = 3*h. Suppose 3*p - 2*p - h = 0. List the prime factors of p.
2, 3
Let h be (8/2)/(0 - -2). Suppose h*x - 19 + 7 = 0. What are the prime factors of 2 + -3*(-10)/x?
7
Suppose 14*c = 18*c - 1012. What are the prime factors of c?
11, 23
Let p be ((-40)/16)/(1/18). What are the prime factors of (-10)/p + (-160)/(-9)?
2, 3
Let j = 12 + -12. Suppose j = -0*p + 4*p - 204. List the prime factors of p.
3, 17
Let w = 16 - 29. List the prime factors of w/(-52) + (-71)/(-4).
2, 3
Let l be (-10)/(-4)*(-54)/(-45). Suppose -l*q + 4 = z, 2*z - 12 = -0*q - 2*q. What are the prime factors of z?
7
List the prime factors of (1 - 79)*8/6*-1.
2, 13
Suppose -3*q + 3*u + 2*u = -94, -4*q = 5*u - 137. List the prime factors of q.
3, 11
Let z(l) = 13*l - 1. Let n be z(-4). Let d = n - -8. Let m = -32 - d. What are the prime factors of m?
13
Suppose -2*o = -5*o - 24. Let v(s) = -s**3 - 7*s**2 + 5*s - 8. List the prime factors of v(o).
2
Let t = 348 + -44. List the prime factors of t.
2, 19
Let w be 27/6 + 6/4. Let m = w + 26. What are the prime factors of m?
2
Suppose -19 - 11 = -2*k. List the prime factors of k.
3, 5
Suppose 0 = -s + 3 - 0. Suppose 5*i + 5*l = 40, -s*i + l = 5*l - 28. Suppose -16 = -i*d - 0*d. List the prime factors of d.
2
Let y = -190 + 270. List the prime factors of y.
2, 5
Let o = 18 - -25. List the prime factors of o.
43
Let q(h) = -h + 6. Let u be q(8). List the prime factors of u/(-8) + (-31)/(-4).
2
Suppose -4*g + 7 + 2 = -3*y, -2*y = 2*g + 6. Let z be g/3*1/2. Suppose z = -w - 5*s + 34, 10*w - 5*w - 82 = -3*s. What are the prime factors of w?
2, 7
Let f = 127 - 185. Let z = -17 - f. List the prime factors of z.
41
Let b = -8 - -13. Suppose 33 - b = 4*o. What are the prime factors of o?
7
Suppose -3*j + 59 = 4*q, j + 3*j - 3*q - 62 = 0. Suppose -2*s + 5*s = -i + 4, -s = -3*i - 28. Let r = i + j. What are the prime factors of r?
3
Let g(x) = x - 3. Let m be g(3). Suppose m = 3*y - 0 - 15. List the prime factors of y.
5
Let u(g) = 11*g + 5. What are the prime factors of u(4)?
7
Suppose -4*s + 196 = 5*p, 0 = 5*s + 2*p + p - 245. What are the prime factors of s?
7
Let p(w) = w**3 + 5*w**2 - 6*w - 2. Let g be p(-6). Let t be (-1)/4 - 2/(-8). Let l = t - g. What are the prime factors of l?
2
Suppose 0 = -4*f + 2*s + 22, -f + 5*s = 9 + 8. Suppose -2*l = -3*l + f. What are the prime factors of l?
2
Suppose -5*m + 160 = -5*j, 0 = 2*m - m - 3*j - 28. Suppose -5*u + m - 9 = 0. Suppose u*w = 2*w + 15. List the prime factors of w.
5
Let d(n) = n**3 - 6*n**2 + 12*n - 7. What are the prime factors of d(5)?
2, 7
Let c(j) = 31*j**2 - 1. Suppose -a = -6*a - r, -4*r - 16 = 4*a. What are the prime factors of c(a)?
2, 3, 5
Suppose 2*m - 3 = 5. Suppose 0*p = -m*p - 5*i + 46, -50 = -3*p + 4*i. List the prime factors of p.
2, 7
Let h be 14/(-5)*(-10)/4. List the prime factors of (1 - 1) + h*2.
2, 7
Let d(k) = k**3 + 14*k**2 - 8*k + 6. What are the prime factors of d(-5)?
271
Let j = 2 + -30. List the prime factors of (-2)/4 + j/(-8).
3
Let g(n) = 17*n. List the prime factors of g(2).
2, 17
Suppose z - 3*w - 7 = 0, 5*w + 3 = z - 10. Suppose 18 = -3*p - 3*o, 3*p - 5*o = -3*o + 2. What are the prime factors of (-24)/(p + -1) + z?
2, 3
Let z = 220 + -122. What are the prime factors of z?
2, 7
Suppose 3*q + 3 = 0, 0*q + 3 = 3*g + 3*q. What are the prime factors of g?
2
Let t(a) = -3*a + 16. List the prime factors of t(-4).
2, 7
Suppose 9*q = 4*q + 55. What are the prime factors of q?
11
Suppose 9*s + 134 = 11*s. List the prime factors of s.
67
What are the prime factors of (1 + 1)*(-1)/((-6)/675)?
3, 5
Let z(k) = 2 + 11 + 7*k - 3*k - 3*k - k**3. What are the prime factors of z(0)?
13
Suppose 4*d - 12 = 4*r + 8, 0 = 5*d - 2*r - 10. Suppose 0 = l - 2 - d. What are the prime factors of (-7 - l*-1)/(-1)?
5
Suppose -4 = -2*a, 2*b + 2*b = a + 90. List the prime factors of b.
23
Let d = 5 - -3. Suppose -d*p + 12*p = 140. List the prime factors of p.
5, 7
Suppose 5*y + 8*y = 1430. List the prime factors of y.
2, 5, 11
Let y be ((-10)/(-6))/(15/54). List the prime factors of (y/4)/(3/76).
2, 19
Let r be (-9 - -6) + 14/2. Let t = 7 - r. What are the prime factors of t?
3
Let m = -6 + 4. Let h = m - -2. List the prime factors of ((-6)/1 - h)/(-1).
2, 3
Suppose 133 + 143 = 6*l. List the prime factors of l.
2, 23
Suppose -l - 9 = -0*l. Let r = l + 4. What are the prime factors of (-156)/(-10) + (-2)/r?
2
Let w(b) = -b**3 + 2*b + 102. List the prime factors of w(0).
2, 3, 17
Suppose 0 = 6*m - 2*m - 72. Suppose -m = -5*k + 3*k. What are the prime factors of k?
3
Let s(j) = -2*j + 6. List the prime factors of s(-5).
2
Let j(c) = c**3 + 12*c**2 - 10*c + 1. What are the prime factors of j(-12)?
11
Let y = 6 + -14. Let m = y - -11. What are the prime factors of m?
3
What are the prime factors of 248/(-6)*(-1 - (-4)/(-8))?
2, 31
Suppose -5*q = -5*x - 0*x - 30, 3*x + 4*q = -25. Let m = x - -9. Suppose m*w - 4*u + 8 = -2, -2*u = -4*w + 4. List the prime factors of w.
3
Let f(n) = -n - 1. Let i(a) = 7*a**2 - 2*a + 1. Let w be i(1). Let b = w + -12. What are the prime factors of f(b)?
5
Let n = 0 + 2. Suppose n*x = 34 - 8. Suppose z - x = -0*z. List the prime factors of z.
13
Let q be (-6)/(-27) + 6/(-27). Suppose -2*d + 2*s = 3*d - 35, s = q. List the prime factors of d.
7
List the prime factors of -2*13*7/(-14).
13
What are the prime factors of 10 + (0/(-4))/(-3)?
2, 5
Suppose 5*v - 72 = v. List the prime factors of v.
2, 3
Let z(d) = -d**3 - 10*d**2 - 4*d + 11. What are the prime factors of z(-11)?
2, 11
Let p = -4 - -4. Suppose 2*s + p*s - 40 = 0. Let l = -11 + s. What are the prime factors of l?
3
Let u = -8 - -12. Let k(y) = y. List the prime factors of k(u).
2
Let i = -6 - -9. Suppose -i*l = -5*l + 6. Suppose l*s + 0*s = 24. List the prime factors of s.
2
Suppose 74 = 3*z - 5*y, -2*y = 4*z - 0*y - 64. Suppose 5*a = -5*l + 70, -3*l + 4*a + 10 = -z. Suppose 0 = -2*h + l + 4. List the prime factors of h.
2
Let b(w) = -2*w - 11. Let i be b(9). Let l = i - -84. Suppose 3*r = h + l, 2*r = h + 17 + 18. List the prime factors of r.
2, 5
Let g = 84 + -135. What are the prime factors of (-16)/(-12)*g/(-2)?
2, 17
Let l(y) = -y**2 + 3*y + 4. Suppose -16 = -4*i - 4. What are the prime factors of l(i)?
2
Let k(n) = n**3 - 5*n**2 + n - 2. List the prime factors of k(6).
2, 5
Let q = -17 - -25. List the prime factors of (9/6)/(2/q).
2, 3
Let d(c) = -c**2 - 8*c. Let r be d(-8). Suppose r*m = -2*m + 90. What are the prime factors of m/3*3/5?
3
Let c = 5 + -3. Let i(f) = -4*f**3 + f**2 - f. Let l be i(1). List the prime factors of (l - 0)/(c/(-10)).
2, 5
Suppose -5*l - 2*z - 50 = -z, 4*l - 2*z = -26. Let o be (-33)/l + (-4)/6. Suppose 3*n = p + 24, o*n - 2*p - 30 = -n. List the prime factors of n.
3
Let y(t) be the first derivative of 15/4*t**4 + 0*t**2 + 2 + 2/3*t**3 - t. List the prime factors of y(1).
2
Let x = 2 - 5. What are the prime factors of (6/4)/(x/(-16))?
2
Let i(g) = -23*g**3 - 3*g**2 - 4*g - 1. What are the prime factors of i(-2)?
179
Let h = -10 - -34. List the prime factors of h.
2, 3
Suppose 5*o + 8 = -k, -o = 2*k - k. Suppose -q + 5*n = 9, k*q - n - 27 = -0*n. Li